8 and 5883?
159
Calculate the greatest common divisor of 4090 and 164418.
818
What is the greatest common factor of 1785096 and 108?
36
What is the greatest common divisor of 97949 and 41?
41
Calculate the highest common factor of 441385 and 35.
35
What is the highest common divisor of 135114 and 126?
42
What is the greatest common factor of 3470 and 850?
10
Calculate the greatest common divisor of 5725 and 925.
25
Calculate the greatest common factor of 97893 and 53874.
657
Calculate the highest common factor of 136 and 34472.
8
Calculate the highest common factor of 230 and 1052342.
46
What is the highest common factor of 1220459 and 149?
149
Calculate the greatest common divisor of 7526 and 1562.
142
What is the highest common divisor of 9741 and 153?
51
Calculate the highest common divisor of 8618 and 4726.
278
Calculate the greatest common factor of 999 and 26196.
111
What is the greatest common divisor of 754 and 66469?
13
What is the highest common factor of 322 and 2346?
46
What is the greatest common factor of 2412 and 5490918?
1206
Calculate the greatest common factor of 40546 and 19.
19
Calculate the greatest common divisor of 12029 and 207.
23
Calculate the greatest common divisor of 45 and 4572.
9
Calculate the greatest common divisor of 1129774 and 226.
226
Calculate the highest common divisor of 544 and 11866.
34
Calculate the highest common divisor of 86853 and 114699.
663
Calculate the greatest common factor of 1751 and 4223.
103
Calculate the highest common factor of 5010 and 258.
6
What is the highest common factor of 1779294 and 198?
66
What is the highest common divisor of 44 and 22396?
44
Calculate the highest common factor of 185738 and 266.
14
Calculate the greatest common factor of 1233 and 14385.
411
What is the highest common factor of 267828 and 44?
44
What is the greatest common divisor of 72 and 90?
18
What is the greatest common divisor of 616637 and 3215?
643
Calculate the greatest common divisor of 2034 and 14577.
339
Calculate the highest common factor of 598 and 3201991.
299
What is the greatest common divisor of 3822 and 2814?
42
What is the highest common divisor of 92 and 290536?
92
Calculate the highest common factor of 316 and 7742.
158
What is the highest common factor of 550 and 2900?
50
Calculate the greatest common factor of 118449 and 13407.
123
What is the highest common divisor of 335 and 5830?
5
What is the greatest common divisor of 15147 and 396?
99
Calculate the highest common divisor of 1914 and 69861.
957
What is the highest common divisor of 57051 and 54?
27
What is the greatest common divisor of 28347 and 297?
33
Calculate the highest common factor of 201000 and 2760.
120
What is the highest common factor of 6743 and 913?
11
Calculate the greatest common factor of 1310 and 10.
10
Calculate the greatest common divisor of 1764 and 1860.
12
What is the greatest common factor of 173058 and 18?
6
Calculate the greatest common divisor of 396 and 496716.
132
Calculate the greatest common divisor of 104796 and 1491.
213
Calculate the greatest common factor of 11026 and 1924.
74
What is the highest common factor of 314785 and 5495?
785
Calculate the greatest common divisor of 108 and 138132.
108
What is the greatest common divisor of 49112 and 224?
56
What is the greatest common divisor of 3 and 2834706?
3
Calculate the greatest common divisor of 95292 and 27.
9
What is the highest common factor of 1444 and 764?
4
Calculate the highest common factor of 2833791 and 2734.
1367
What is the greatest common factor of 40942 and 1034?
22
What is the highest common divisor of 42823 and 1496?
187
What is the highest common divisor of 553845 and 15?
15
What is the greatest common divisor of 553833 and 21?
21
Calculate the greatest common factor of 7889 and 437.
23
What is the greatest common factor of 16 and 8881?
1
What is the greatest common divisor of 11346 and 162192?
186
What is the greatest common divisor of 8262 and 26154?
18
Calculate the highest common divisor of 760 and 3880.
40
What is the highest common factor of 102 and 215634?
6
What is the highest common divisor of 3 and 8856123?
3
What is the greatest common divisor of 799 and 44838?
47
What is the greatest common divisor of 37708 and 88?
44
Calculate the highest common divisor of 28 and 1923684.
28
What is the highest common divisor of 116 and 292?
4
What is the greatest common factor of 95700 and 1980?
660
What is the highest common divisor of 14110 and 59760?
830
Calculate the greatest common factor of 3888 and 1312.
16
Calculate the highest common divisor of 8 and 7124.
4
Calculate the greatest common factor of 13 and 511771.
13
What is the highest common divisor of 2625 and 4125?
375
What is the highest common factor of 256034 and 5726?
818
What is the greatest common factor of 133625 and 375?
125
What is the highest common divisor of 8 and 19288?
8
What is the greatest common divisor of 28116 and 1254?
66
Calculate the greatest common divisor of 133764 and 9420.
1884
Calculate the highest common factor of 121345 and 70.
35
Calculate the highest common factor of 3706143 and 651.
651
What is the highest common factor of 151 and 698224?
151
Calculate the highest common divisor of 1153450 and 345.
115
Calculate the greatest common factor of 147 and 68621.
7
Calculate the greatest common divisor of 221 and 18649.
17
What is the highest common divisor of 13804 and 7259?
119
What is the greatest common factor of 4437 and 81171?
261
What is the greatest common factor of 31827 and 6077?
103
What is the greatest common factor of 2336 and 55808?
32
What is the highest common divisor of 148 and 45547?
37
Calculate the greatest common divisor of 228 and 349372.
76
Calculate the highest common factor of 53030 and 160.
10
Calculate the highest common factor of 12 and 8508.
12
Calculate the greatest common divisor of 15867 and 559.
43
Calculate the highest common divisor of 18 and 5633739.
9
Calculate the highest common divisor of 19943 and 98.
49
Calculate the highest common divisor of 2916 and 180.
36
What is the highest common factor of 508 and 1215771?
127
What is the highest common divisor of 40 and 171032?
8
Calculate the highest common factor of 105 and 199170.
15
What is the greatest common divisor of 26978 and 11767?
287
What is the greatest common divisor of 106930 and 15606?
578
What is the highest common factor of 5798980 and 43?
43
Calculate the highest common factor of 6026 and 46.
46
Calculate the greatest common divisor of 21257 and 183983.
733
What is the greatest common factor of 34 and 1188827?
17
What is the greatest common divisor of 21 and 92666?
7
Calculate the highest common divisor of 54991 and 254.
127
Calculate the greatest common divisor of 150582 and 66.
6
What is the highest common divisor of 696019 and 1?
1
Calculate the greatest common factor of 83673 and 243.
81
Calculate the highest common factor of 224 and 98308.
28
Calculate the greatest common factor of 150348 and 510.
102
Calculate the greatest common divisor of 527 and 2001019.
527
What is the highest common factor of 1024 and 14752?
32
What is the highest common factor of 841100 and 800?
100
Calculate the greatest common divisor of 27 and 612954.
27
Calculate the highest common factor of 1434 and 2274.
6
What is the highest common factor of 76424 and 164?
164
What is the greatest common divisor of 6952 and 1573?
11
Calculate the greatest common factor of 28 and 209396.
4
Calculate the highest common factor of 726 and 48576.
66
What is the greatest common factor of 536 and 8192?
8
Calculate the highest common factor of 47718 and 30848.
482
Calculate the greatest common divisor of 12 and 213156.
12
Calculate the greatest common divisor of 45 and 11349.
9
Calculate the highest common factor of 3924 and 114612.
12
Calculate the highest common divisor of 592 and 123173.
37
What is the highest common divisor of 11760 and 199290?
210
Calculate the highest common divisor of 621 and 1087533.
27
Calculate the highest common divisor of 39392 and 112.
16
What is the highest common factor of 5301 and 29773?
19
Calculate the greatest common factor of 149041 and 103.
103
Calculate the greatest common factor of 1612 and 311428.
52
Calculate the highest common factor of 85 a